are the prime factors of 381?
3, 127
List the prime factors of 1118.
2, 13, 43
List the prime factors of 5961.
3, 1987
List the prime factors of 1192.
2, 149
List the prime factors of 10269.
3, 7, 163
What are the prime factors of 139?
139
What are the prime factors of 62465?
5, 13, 31
What are the prime factors of 9699?
3, 53, 61
List the prime factors of 2550.
2, 3, 5, 17
List the prime factors of 570.
2, 3, 5, 19
List the prime factors of 2269.
2269
List the prime factors of 52404.
2, 3, 11, 397
List the prime factors of 4056.
2, 3, 13
What are the prime factors of 20500?
2, 5, 41
What are the prime factors of 1645?
5, 7, 47
What are the prime factors of 860?
2, 5, 43
What are the prime factors of 14315?
5, 7, 409
What are the prime factors of 675?
3, 5
List the prime factors of 9673.
17, 569
What are the prime factors of 52253?
52253
List the prime factors of 11056.
2, 691
List the prime factors of 96641.
241, 401
What are the prime factors of 778?
2, 389
List the prime factors of 34546.
2, 23, 751
List the prime factors of 3656.
2, 457
What are the prime factors of 2533?
17, 149
What are the prime factors of 2979?
3, 331
What are the prime factors of 10419?
3, 23, 151
What are the prime factors of 1571?
1571
What are the prime factors of 69744?
2, 3, 1453
What are the prime factors of 8558?
2, 11, 389
What are the prime factors of 10224?
2, 3, 71
What are the prime factors of 27332?
2, 6833
List the prime factors of 2904.
2, 3, 11
What are the prime factors of 10146?
2, 3, 19, 89
List the prime factors of 962.
2, 13, 37
What are the prime factors of 19496?
2, 2437
List the prime factors of 86397.
3, 31, 929
What are the prime factors of 7080?
2, 3, 5, 59
What are the prime factors of 4700?
2, 5, 47
What are the prime factors of 736?
2, 23
List the prime factors of 1116.
2, 3, 31
List the prime factors of 7285.
5, 31, 47
What are the prime factors of 6673?
6673
List the prime factors of 140097.
3, 17, 41, 67
List the prime factors of 38941.
7, 5563
What are the prime factors of 1501?
19, 79
What are the prime factors of 16998?
2, 3, 2833
What are the prime factors of 803?
11, 73
What are the prime factors of 1636?
2, 409
List the prime factors of 12555.
3, 5, 31
List the prime factors of 5542.
2, 17, 163
List the prime factors of 146.
2, 73
What are the prime factors of 741?
3, 13, 19
What are the prime factors of 109940?
2, 5, 23, 239
List the prime factors of 12204.
2, 3, 113
What are the prime factors of 3432?
2, 3, 11, 13
What are the prime factors of 283?
283
List the prime factors of 2320.
2, 5, 29
What are the prime factors of 1025?
5, 41
What are the prime factors of 19864?
2, 13, 191
What are the prime factors of 4423?
4423
List the prime factors of 3882.
2, 3, 647
What are the prime factors of 33740?
2, 5, 7, 241
List the prime factors of 3754.
2, 1877
List the prime factors of 3220.
2, 5, 7, 23
List the prime factors of 3510.
2, 3, 5, 13
List the prime factors of 927.
3, 103
List the prime factors of 1235.
5, 13, 19
List the prime factors of 905.
5, 181
What are the prime factors of 1663?
1663
What are the prime factors of 842?
2, 421
What are the prime factors of 30736?
2, 17, 113
List the prime factors of 6394.
2, 23, 139
List the prime factors of 38194.
2, 13, 113
List the prime factors of 37694.
2, 47, 401
What are the prime factors of 7484?
2, 1871
List the prime factors of 44003.
79, 557
What are the prime factors of 147747?
3, 17, 2897
List the prime factors of 1252.
2, 313
What are the prime factors of 1098?
2, 3, 61
List the prime factors of 37839.
3, 12613
List the prime factors of 3083.
3083
List the prime factors of 1380.
2, 3, 5, 23
List the prime factors of 5337.
3, 593
List the prime factors of 35195.
5, 7039
List the prime factors of 3961.
17, 233
What are the prime factors of 6658?
2, 3329
List the prime factors of 24944.
2, 1559
What are the prime factors of 310?
2, 5, 31
List the prime factors of 97585.
5, 29, 673
What are the prime factors of 519?
3, 173
List the prime factors of 623.
7, 89
What are the prime factors of 2194?
2, 1097
List the prime factors of 4363.
4363
List the prime factors of 104.
2, 13
List the prime factors of 63807.
3, 21269
What are the prime factors of 1114?
2, 557
What are the prime factors of 29685?
3, 5, 1979
List the prime factors of 15901.
15901
What are the prime factors of 623?
7, 89
What are the prime factors of 4154?
2, 31, 67
What are the prime factors of 5472?
2, 3, 19
List the prime factors of 25127.
25127
List the prime factors of 13633.
13633
What are the prime factors of 42788?
2, 19, 563
List the prime factors of 17257.
17257
List the prime factors of 522.
2, 3, 29
What are the prime factors of 50350?
2, 5, 19, 53
What are the prime factors of 4865?
5, 7, 139
List the prime factors of 9950.
2, 5, 199
What are the prime factors of 3099?
3, 1033
What are the prime factors of 8189?
19, 431
List the prime factors of 30521.
23, 1327
What are the prime factors of 35290?
2, 5, 3529
List the prime factors of 348.
2, 3, 29
List the prime factors of 1791.
3, 199
List the prime factors of 776.
2, 97
What are the prime factors of 9328?
2, 11, 53
List the prime factors of 2271.
3, 757
List the prime factors of 864.
2, 3
List the prime factors of 4405.
5, 881
What are the prime factors of 18839?
18839
What are the prime factors of 17987?
17987
List the prime factors of 4951.
4951
What are the prime factors of 4817?
4817
What are the prime factors of 24567?
3, 19, 431
What are the prime factors of 25038?
2, 3, 13, 107
What are the prime factors of 38670?
2, 3, 5, 1289
List the prime factors of 107088.
2, 3, 23, 97
What are the prime factors of 1027?
13, 79
What are the prime factors of 2876?
2, 719
List the prime factors of 18516.
2, 3, 1543
List the prime factors of 67.
67
What are the prime factors of 9208?
2, 1151
List the prime factors of 714.
2, 3, 7, 17
List the prime factors of 823.
823
List the prime factors of 68633.
68633
List the prime factors of 6734.
2, 7, 13, 37
What are the prime factors of 2560?
2, 5
List the prime factors of 32682.
2, 3, 13, 419
What are the prime factors of 6120?
2, 3, 5, 17
What are the prime factors of 2530?
2, 5, 11, 23
What are the prime factors of 17218?
2, 8609
List the prime factors of 10308.
2, 3, 859
List the prime factors of 145156.
2, 11, 3299
List the prime factors of 7770.
2, 3, 5, 7, 37
List the prime factors of 2536.
2, 317
List the prime factors of 5679.
3, 631
List the prime factors of 2368.
2, 37
What are the prime factors of 26764?
2, 6691
What are the prime factors of 2572?
2, 643
What are the prime factors of 7730?
2, 5, 773
List the prime factors of 43883.
7, 6269
What are the prime factors of 26779?
61, 439
What are the prime factors of 45393?
3, 15131
List the prime factors of 577.
577
List the prime factors of 3936.
2, 3, 41
List the prime factors of 133926.
2, 3, 13, 17, 101
What are the prime factors of 149105?
5, 11, 2711
List the prime factors of 5990.
2, 5, 599
What are the prime factors of 1642?
2, 821
List the prime factors of 1589.
7, 227
What are the prime factors of 64042?
2, 11, 41, 71
List the prime factors of 12303.
3, 1367
What are the prime factors of 267?
3, 89
What are the prime factors of 80?
2, 5
What are the prime factors of 17654?
2, 7, 13, 97
List the prime factors of 3519.
3, 17, 23
List the prime factors of 1748.
2, 19, 23
What are the prime factors of 18586?
2, 9293
List the prime factors of 4370.
2, 5, 19, 23
What are the prime factors of 165448?
2, 20681
What are the prime factors of 118?
2, 59
What are the prime factors of 750?
2, 3, 5
List the prime factors of 11542.
2, 29, 199
What are the prime factors of 4456?
2, 557
What are the prime factors of 1726?
2, 863
What are the prime factors of 17294?
2, 8647
What are the prime factors of 9388?
2, 2347
List the prime factors of 161728.
2, 7, 19
What are the prime factors of 3452?
2, 863
List the prime factors of 6838.
2, 13, 263
List the prime factors of 11659.
89, 131
What are the prime factors of 50?
2, 5
List the prime factors of 27959.
73, 383
List the prime factors of 1876.
2, 7, 67
What are the prime factors of 2185?
5, 19, 23
List the prime factors of 659.
659
What are the prime factors of 164294?
2, 13, 71, 89
What are the prime factors